{"id":6352,"date":"2025-03-25T19:18:54","date_gmt":"2025-03-25T18:18:54","guid":{"rendered":"https:\/\/blockhaus-ahlhorn.de\/berichte\/raport-osk-bremen-na-temat-obozu-naukowego-w-dniach-19-01-26-01-2025-r\/"},"modified":"2025-04-24T10:22:07","modified_gmt":"2025-04-24T08:22:07","slug":"raport-osk-bremen-na-temat-obozu-naukowego-w-dniach-19-01-26-01-2025-r","status":"publish","type":"berichte","link":"https:\/\/blockhaus-ahlhorn.de\/pl\/berichte\/raport-osk-bremen-na-temat-obozu-naukowego-w-dniach-19-01-26-01-2025-r\/","title":{"rendered":"Raport OSK Bremen na temat obozu naukowego w dniach 19.01-26.01.2025 r."},"content":{"rendered":"\n<p>OSK Bremen opublikowa\u0142 na swojej stronie internetowej raport z obozu naukowego, kt\u00f3ry odby\u0142 si\u0119 w dniach 19.01-26.01.2025 w Blockhaus Ahlhorn. Raport mo\u017cna przeczyta\u0107 <a href=\"https:\/\/osk-bremen.org\/news\/science-camp-in-ahlhorn\">tutaj (link wewn\u0119trzny)<\/a>.  <\/p>\n","protected":false},"excerpt":{"rendered":"<p>OSK Bremen opublikowa\u0142 na swojej stronie internetowej raport z obozu naukowego, kt\u00f3ry odby\u0142 si\u0119 w dniach 19.01-26.01.2025 w Blockhaus Ahlhorn. Raport mo\u017cna przeczyta\u0107 tutaj (link wewn\u0119trzny).<\/p>\n","protected":false},"featured_media":0,"template":"","meta":{"ngg_post_thumbnail":0},"categories":[],"class_list":["post-6352","berichte","type-berichte","status-publish","hentry"],"blocksy_meta":[],"yoast_head":"<!-- This site is optimized with the Yoast SEO plugin v27.4 - https:\/\/yoast.com\/product\/yoast-seo-wordpress\/ -->\n<title>Raport OSK Bremen na temat obozu naukowego w dniach 19.01-26.01.2025 r. - Blockhaus Ahlhorn<\/title>\n<meta name=\"robots\" content=\"index, follow, max-snippet:-1, max-image-preview:large, max-video-preview:-1\" \/>\n<link rel=\"canonical\" href=\"https:\/\/blockhaus-ahlhorn.de\/pl\/berichte\/raport-osk-bremen-na-temat-obozu-naukowego-w-dniach-19-01-26-01-2025-r\/\" \/>\n<meta property=\"og:locale\" content=\"pl_PL\" \/>\n<meta property=\"og:type\" content=\"article\" \/>\n<meta property=\"og:title\" content=\"Raport OSK Bremen na temat obozu naukowego w dniach 19.01-26.01.2025 r. - Blockhaus Ahlhorn\" \/>\n<meta property=\"og:description\" content=\"OSK Bremen opublikowa\u0142 na swojej stronie internetowej raport z obozu naukowego, kt\u00f3ry odby\u0142 si\u0119 w dniach 19.01-26.01.2025 w Blockhaus Ahlhorn. Raport mo\u017cna przeczyta\u0107 tutaj (link wewn\u0119trzny).\" \/>\n<meta property=\"og:url\" content=\"https:\/\/blockhaus-ahlhorn.de\/pl\/berichte\/raport-osk-bremen-na-temat-obozu-naukowego-w-dniach-19-01-26-01-2025-r\/\" \/>\n<meta property=\"og:site_name\" content=\"Blockhaus Ahlhorn\" \/>\n<meta property=\"article:modified_time\" content=\"2025-04-24T08:22:07+00:00\" \/>\n<meta name=\"twitter:card\" content=\"summary_large_image\" \/>\n<script type=\"application\/ld+json\" class=\"yoast-schema-graph\">{\"@context\":\"https:\\\/\\\/schema.org\",\"@graph\":[{\"@type\":\"WebPage\",\"@id\":\"https:\\\/\\\/blockhaus-ahlhorn.de\\\/pl\\\/berichte\\\/raport-osk-bremen-na-temat-obozu-naukowego-w-dniach-19-01-26-01-2025-r\\\/\",\"url\":\"https:\\\/\\\/blockhaus-ahlhorn.de\\\/pl\\\/berichte\\\/raport-osk-bremen-na-temat-obozu-naukowego-w-dniach-19-01-26-01-2025-r\\\/\",\"name\":\"Raport OSK Bremen na temat obozu naukowego w dniach 19.01-26.01.2025 r. - Blockhaus Ahlhorn\",\"isPartOf\":{\"@id\":\"https:\\\/\\\/blockhaus-ahlhorn.de\\\/pl\\\/#website\"},\"datePublished\":\"2025-03-25T18:18:54+00:00\",\"dateModified\":\"2025-04-24T08:22:07+00:00\",\"breadcrumb\":{\"@id\":\"https:\\\/\\\/blockhaus-ahlhorn.de\\\/pl\\\/berichte\\\/raport-osk-bremen-na-temat-obozu-naukowego-w-dniach-19-01-26-01-2025-r\\\/#breadcrumb\"},\"inLanguage\":\"pl-PL\",\"potentialAction\":[{\"@type\":\"ReadAction\",\"target\":[\"https:\\\/\\\/blockhaus-ahlhorn.de\\\/pl\\\/berichte\\\/raport-osk-bremen-na-temat-obozu-naukowego-w-dniach-19-01-26-01-2025-r\\\/\"]}]},{\"@type\":\"BreadcrumbList\",\"@id\":\"https:\\\/\\\/blockhaus-ahlhorn.de\\\/pl\\\/berichte\\\/raport-osk-bremen-na-temat-obozu-naukowego-w-dniach-19-01-26-01-2025-r\\\/#breadcrumb\",\"itemListElement\":[{\"@type\":\"ListItem\",\"position\":1,\"name\":\"Startseite\",\"item\":\"https:\\\/\\\/blockhaus-ahlhorn.de\\\/pl\\\/\"},{\"@type\":\"ListItem\",\"position\":2,\"name\":\"Berichte\",\"item\":\"https:\\\/\\\/blockhaus-ahlhorn.de\\\/pl\\\/berichte\\\/\"},{\"@type\":\"ListItem\",\"position\":3,\"name\":\"Raport OSK Bremen na temat obozu naukowego w dniach 19.01-26.01.2025 r.\"}]},{\"@type\":\"WebSite\",\"@id\":\"https:\\\/\\\/blockhaus-ahlhorn.de\\\/pl\\\/#website\",\"url\":\"https:\\\/\\\/blockhaus-ahlhorn.de\\\/pl\\\/\",\"name\":\"Blockhaus Ahlhorn\",\"description\":\"Heimatverbunden in Ahlhorn, Niedersachsen\",\"publisher\":{\"@id\":\"https:\\\/\\\/blockhaus-ahlhorn.de\\\/pl\\\/#organization\"},\"potentialAction\":[{\"@type\":\"SearchAction\",\"target\":{\"@type\":\"EntryPoint\",\"urlTemplate\":\"https:\\\/\\\/blockhaus-ahlhorn.de\\\/pl\\\/?s={search_term_string}\"},\"query-input\":{\"@type\":\"PropertyValueSpecification\",\"valueRequired\":true,\"valueName\":\"search_term_string\"}}],\"inLanguage\":\"pl-PL\"},{\"@type\":\"Organization\",\"@id\":\"https:\\\/\\\/blockhaus-ahlhorn.de\\\/pl\\\/#organization\",\"name\":\"Blockhaus Ahlhorn\",\"url\":\"https:\\\/\\\/blockhaus-ahlhorn.de\\\/pl\\\/\",\"logo\":{\"@type\":\"ImageObject\",\"inLanguage\":\"pl-PL\",\"@id\":\"https:\\\/\\\/blockhaus-ahlhorn.de\\\/pl\\\/#\\\/schema\\\/logo\\\/image\\\/\",\"url\":\"https:\\\/\\\/blockhaus-ahlhorn.de\\\/wp-content\\\/uploads\\\/2022\\\/11\\\/Logo-Blockhaus-Alhorn.png\",\"contentUrl\":\"https:\\\/\\\/blockhaus-ahlhorn.de\\\/wp-content\\\/uploads\\\/2022\\\/11\\\/Logo-Blockhaus-Alhorn.png\",\"width\":1200,\"height\":350,\"caption\":\"Blockhaus Ahlhorn\"},\"image\":{\"@id\":\"https:\\\/\\\/blockhaus-ahlhorn.de\\\/pl\\\/#\\\/schema\\\/logo\\\/image\\\/\"}}]}<\/script>\n<!-- \/ Yoast SEO plugin. -->","yoast_head_json":{"title":"Raport OSK Bremen na temat obozu naukowego w dniach 19.01-26.01.2025 r. - Blockhaus Ahlhorn","robots":{"index":"index","follow":"follow","max-snippet":"max-snippet:-1","max-image-preview":"max-image-preview:large","max-video-preview":"max-video-preview:-1"},"canonical":"https:\/\/blockhaus-ahlhorn.de\/pl\/berichte\/raport-osk-bremen-na-temat-obozu-naukowego-w-dniach-19-01-26-01-2025-r\/","og_locale":"pl_PL","og_type":"article","og_title":"Raport OSK Bremen na temat obozu naukowego w dniach 19.01-26.01.2025 r. - Blockhaus Ahlhorn","og_description":"OSK Bremen opublikowa\u0142 na swojej stronie internetowej raport z obozu naukowego, kt\u00f3ry odby\u0142 si\u0119 w dniach 19.01-26.01.2025 w Blockhaus Ahlhorn. Raport mo\u017cna przeczyta\u0107 tutaj (link wewn\u0119trzny).","og_url":"https:\/\/blockhaus-ahlhorn.de\/pl\/berichte\/raport-osk-bremen-na-temat-obozu-naukowego-w-dniach-19-01-26-01-2025-r\/","og_site_name":"Blockhaus Ahlhorn","article_modified_time":"2025-04-24T08:22:07+00:00","twitter_card":"summary_large_image","schema":{"@context":"https:\/\/schema.org","@graph":[{"@type":"WebPage","@id":"https:\/\/blockhaus-ahlhorn.de\/pl\/berichte\/raport-osk-bremen-na-temat-obozu-naukowego-w-dniach-19-01-26-01-2025-r\/","url":"https:\/\/blockhaus-ahlhorn.de\/pl\/berichte\/raport-osk-bremen-na-temat-obozu-naukowego-w-dniach-19-01-26-01-2025-r\/","name":"Raport OSK Bremen na temat obozu naukowego w dniach 19.01-26.01.2025 r. - Blockhaus Ahlhorn","isPartOf":{"@id":"https:\/\/blockhaus-ahlhorn.de\/pl\/#website"},"datePublished":"2025-03-25T18:18:54+00:00","dateModified":"2025-04-24T08:22:07+00:00","breadcrumb":{"@id":"https:\/\/blockhaus-ahlhorn.de\/pl\/berichte\/raport-osk-bremen-na-temat-obozu-naukowego-w-dniach-19-01-26-01-2025-r\/#breadcrumb"},"inLanguage":"pl-PL","potentialAction":[{"@type":"ReadAction","target":["https:\/\/blockhaus-ahlhorn.de\/pl\/berichte\/raport-osk-bremen-na-temat-obozu-naukowego-w-dniach-19-01-26-01-2025-r\/"]}]},{"@type":"BreadcrumbList","@id":"https:\/\/blockhaus-ahlhorn.de\/pl\/berichte\/raport-osk-bremen-na-temat-obozu-naukowego-w-dniach-19-01-26-01-2025-r\/#breadcrumb","itemListElement":[{"@type":"ListItem","position":1,"name":"Startseite","item":"https:\/\/blockhaus-ahlhorn.de\/pl\/"},{"@type":"ListItem","position":2,"name":"Berichte","item":"https:\/\/blockhaus-ahlhorn.de\/pl\/berichte\/"},{"@type":"ListItem","position":3,"name":"Raport OSK Bremen na temat obozu naukowego w dniach 19.01-26.01.2025 r."}]},{"@type":"WebSite","@id":"https:\/\/blockhaus-ahlhorn.de\/pl\/#website","url":"https:\/\/blockhaus-ahlhorn.de\/pl\/","name":"Blockhaus Ahlhorn","description":"Heimatverbunden in Ahlhorn, Niedersachsen","publisher":{"@id":"https:\/\/blockhaus-ahlhorn.de\/pl\/#organization"},"potentialAction":[{"@type":"SearchAction","target":{"@type":"EntryPoint","urlTemplate":"https:\/\/blockhaus-ahlhorn.de\/pl\/?s={search_term_string}"},"query-input":{"@type":"PropertyValueSpecification","valueRequired":true,"valueName":"search_term_string"}}],"inLanguage":"pl-PL"},{"@type":"Organization","@id":"https:\/\/blockhaus-ahlhorn.de\/pl\/#organization","name":"Blockhaus Ahlhorn","url":"https:\/\/blockhaus-ahlhorn.de\/pl\/","logo":{"@type":"ImageObject","inLanguage":"pl-PL","@id":"https:\/\/blockhaus-ahlhorn.de\/pl\/#\/schema\/logo\/image\/","url":"https:\/\/blockhaus-ahlhorn.de\/wp-content\/uploads\/2022\/11\/Logo-Blockhaus-Alhorn.png","contentUrl":"https:\/\/blockhaus-ahlhorn.de\/wp-content\/uploads\/2022\/11\/Logo-Blockhaus-Alhorn.png","width":1200,"height":350,"caption":"Blockhaus Ahlhorn"},"image":{"@id":"https:\/\/blockhaus-ahlhorn.de\/pl\/#\/schema\/logo\/image\/"}}]}},"meta_box":{"projekt_startdatum":"","projekt_enddatum":""},"_links":{"self":[{"href":"https:\/\/blockhaus-ahlhorn.de\/pl\/wp-json\/wp\/v2\/berichte\/6352","targetHints":{"allow":["GET"]}}],"collection":[{"href":"https:\/\/blockhaus-ahlhorn.de\/pl\/wp-json\/wp\/v2\/berichte"}],"about":[{"href":"https:\/\/blockhaus-ahlhorn.de\/pl\/wp-json\/wp\/v2\/types\/berichte"}],"wp:attachment":[{"href":"https:\/\/blockhaus-ahlhorn.de\/pl\/wp-json\/wp\/v2\/media?parent=6352"}],"wp:term":[{"taxonomy":"category","embeddable":true,"href":"https:\/\/blockhaus-ahlhorn.de\/pl\/wp-json\/wp\/v2\/categories?post=6352"}],"curies":[{"name":"wp","href":"https:\/\/api.w.org\/{rel}","templated":true}]}}

<p>OSK Bremen opublikował na swojej stronie internetowej raport z obozu naukowego, który odbył się w dniach 19.01-26.01.2025 w Blockhaus Ahlhorn. Raport można przeczytać <a href="https://osk-bremen.org/news/science-camp-in-ahlhorn">tutaj (link wewnętrzny)</a>.  </p>

<p>OSK Bremen opublikował na swojej stronie internetowej raport z obozu naukowego, który odbył się w dniach 19.01-26.01.2025 w Blockhaus Ahlhorn. Raport można przeczytać tutaj (link wewnętrzny).</p>

<!-- This site is optimized with the Yoast SEO plugin v27.4 - https://yoast.com/product/yoast-seo-wordpress/ -->
<title>Raport OSK Bremen na temat obozu naukowego w dniach 19.01-26.01.2025 r. - Blockhaus Ahlhorn</title>
<meta name="robots" content="index, follow, max-snippet:-1, max-image-preview:large, max-video-preview:-1" />
<link rel="canonical" href="https://blockhaus-ahlhorn.de/pl/berichte/raport-osk-bremen-na-temat-obozu-naukowego-w-dniach-19-01-26-01-2025-r/" />
<meta property="og:locale" content="pl_PL" />
<meta property="og:type" content="article" />
<meta property="og:title" content="Raport OSK Bremen na temat obozu naukowego w dniach 19.01-26.01.2025 r. - Blockhaus Ahlhorn" />
<meta property="og:description" content="OSK Bremen opublikował na swojej stronie internetowej raport z obozu naukowego, który odbył się w dniach 19.01-26.01.2025 w Blockhaus Ahlhorn. Raport można przeczytać tutaj (link wewnętrzny)." />
<meta property="og:url" content="https://blockhaus-ahlhorn.de/pl/berichte/raport-osk-bremen-na-temat-obozu-naukowego-w-dniach-19-01-26-01-2025-r/" />
<meta property="og:site_name" content="Blockhaus Ahlhorn" />
<meta property="article:modified_time" content="2025-04-24T08:22:07+00:00" />
<meta name="twitter:card" content="summary_large_image" />
<script type="application/ld+json" class="yoast-schema-graph">{"@context":"https:\/\/schema.org","@graph":[{"@type":"WebPage","@id":"https:\/\/blockhaus-ahlhorn.de\/pl\/berichte\/raport-osk-bremen-na-temat-obozu-naukowego-w-dniach-19-01-26-01-2025-r\/","url":"https:\/\/blockhaus-ahlhorn.de\/pl\/berichte\/raport-osk-bremen-na-temat-obozu-naukowego-w-dniach-19-01-26-01-2025-r\/","name":"Raport OSK Bremen na temat obozu naukowego w dniach 19.01-26.01.2025 r. - Blockhaus Ahlhorn","isPartOf":{"@id":"https:\/\/blockhaus-ahlhorn.de\/pl\/#website"},"datePublished":"2025-03-25T18:18:54+00:00","dateModified":"2025-04-24T08:22:07+00:00","breadcrumb":{"@id":"https:\/\/blockhaus-ahlhorn.de\/pl\/berichte\/raport-osk-bremen-na-temat-obozu-naukowego-w-dniach-19-01-26-01-2025-r\/#breadcrumb"},"inLanguage":"pl-PL","potentialAction":[{"@type":"ReadAction","target":["https:\/\/blockhaus-ahlhorn.de\/pl\/berichte\/raport-osk-bremen-na-temat-obozu-naukowego-w-dniach-19-01-26-01-2025-r\/"]}]},{"@type":"BreadcrumbList","@id":"https:\/\/blockhaus-ahlhorn.de\/pl\/berichte\/raport-osk-bremen-na-temat-obozu-naukowego-w-dniach-19-01-26-01-2025-r\/#breadcrumb","itemListElement":[{"@type":"ListItem","position":1,"name":"Startseite","item":"https:\/\/blockhaus-ahlhorn.de\/pl\/"},{"@type":"ListItem","position":2,"name":"Berichte","item":"https:\/\/blockhaus-ahlhorn.de\/pl\/berichte\/"},{"@type":"ListItem","position":3,"name":"Raport OSK Bremen na temat obozu naukowego w dniach 19.01-26.01.2025 r."}]},{"@type":"WebSite","@id":"https:\/\/blockhaus-ahlhorn.de\/pl\/#website","url":"https:\/\/blockhaus-ahlhorn.de\/pl\/","name":"Blockhaus Ahlhorn","description":"Heimatverbunden in Ahlhorn, Niedersachsen","publisher":{"@id":"https:\/\/blockhaus-ahlhorn.de\/pl\/#organization"},"potentialAction":[{"@type":"SearchAction","target":{"@type":"EntryPoint","urlTemplate":"https:\/\/blockhaus-ahlhorn.de\/pl\/?s={search_term_string}"},"query-input":{"@type":"PropertyValueSpecification","valueRequired":true,"valueName":"search_term_string"}}],"inLanguage":"pl-PL"},{"@type":"Organization","@id":"https:\/\/blockhaus-ahlhorn.de\/pl\/#organization","name":"Blockhaus Ahlhorn","url":"https:\/\/blockhaus-ahlhorn.de\/pl\/","logo":{"@type":"ImageObject","inLanguage":"pl-PL","@id":"https:\/\/blockhaus-ahlhorn.de\/pl\/#\/schema\/logo\/image\/","url":"https:\/\/blockhaus-ahlhorn.de\/wp-content\/uploads\/2022\/11\/Logo-Blockhaus-Alhorn.png","contentUrl":"https:\/\/blockhaus-ahlhorn.de\/wp-content\/uploads\/2022\/11\/Logo-Blockhaus-Alhorn.png","width":1200,"height":350,"caption":"Blockhaus Ahlhorn"},"image":{"@id":"https:\/\/blockhaus-ahlhorn.de\/pl\/#\/schema\/logo\/image\/"}}]}</script>
<!-- / Yoast SEO plugin. -->

OSK Bremen opublikował na swojej stronie internetowej raport z obozu naukowego, który odbył się w dniach 19.01-26.01.2025 w Blockhaus Ahlhorn. Raport można przeczytać tutaj (link wewnętrzny).
