{"id":4828,"date":"2023-06-20T08:56:30","date_gmt":"2023-06-20T06:56:30","guid":{"rendered":"https:\/\/blockhaus-ahlhorn.de\/berichte\/un-camp-de-maths-a-lapproche-de-noel\/"},"modified":"2023-06-20T09:05:49","modified_gmt":"2023-06-20T07:05:49","slug":"un-camp-de-maths-a-lapproche-de-noel","status":"publish","type":"berichte","link":"https:\/\/blockhaus-ahlhorn.de\/fr\/berichte\/un-camp-de-maths-a-lapproche-de-noel\/","title":{"rendered":"Un camp de maths \u00e0 l&rsquo;approche de No\u00ebl"},"content":{"rendered":"\n<blockquote class=\"wp-block-quote is-layout-flow wp-block-quote-is-layout-flow\">\n<p>En m\u00eame temps que le projet \u00e9cologique, un camp de maths a \u00e9t\u00e9 organis\u00e9 dans le blockhaus Ahlhorn. Des \u00e9l\u00e8ves de Sumy, de Lviv, de Varsovie et du district d&rsquo;Oldenburg ont particip\u00e9 \u00e0 ce projet (Dietrich-Bonhoeffer-Gymnasium, GAG, Gymnasium Ganderkesee).  <\/p>\n\n\n\n<p>Un autre camp de maths est pr\u00e9vu en janvier 2024.<\/p>\n<\/blockquote>\n\n<figure class=\"wp-block-video\"><video height=\"540\" style=\"aspect-ratio: 306 \/ 540;\" width=\"306\" controls=\"\" src=\"https:\/\/blockhaus-ahlhorn.de\/wp-content\/uploads\/2023\/06\/WhatsApp-Video-2023-06-19-at-12.50.10-PM.mp4\"><\/video><\/figure>\n","protected":false},"excerpt":{"rendered":"<p>En m\u00eame temps que le projet \u00e9cologique, un camp de maths a \u00e9t\u00e9 organis\u00e9 dans le blockhaus Ahlhorn. Des \u00e9l\u00e8ves de Sumy, de Lviv, de Varsovie et du district d&rsquo;Oldenburg ont particip\u00e9 \u00e0 ce projet (Dietrich-Bonhoeffer-Gymnasium, GAG, Gymnasium Ganderkesee). Un autre camp de maths est pr\u00e9vu en janvier 2024.<\/p>\n","protected":false},"featured_media":0,"template":"","meta":{"ngg_post_thumbnail":0},"categories":[],"class_list":["post-4828","berichte","type-berichte","status-publish","hentry"],"blocksy_meta":[],"yoast_head":"<!-- This site is optimized with the Yoast SEO plugin v27.4 - https:\/\/yoast.com\/product\/yoast-seo-wordpress\/ -->\n<title>Un camp de maths \u00e0 l&#039;approche de No\u00ebl - Blockhaus Ahlhorn<\/title>\n<meta name=\"robots\" content=\"index, follow, max-snippet:-1, max-image-preview:large, max-video-preview:-1\" \/>\n<link rel=\"canonical\" href=\"https:\/\/blockhaus-ahlhorn.de\/fr\/berichte\/un-camp-de-maths-a-lapproche-de-noel\/\" \/>\n<meta property=\"og:locale\" content=\"fr_FR\" \/>\n<meta property=\"og:type\" content=\"article\" \/>\n<meta property=\"og:title\" content=\"Un camp de maths \u00e0 l&#039;approche de No\u00ebl - Blockhaus Ahlhorn\" \/>\n<meta property=\"og:description\" content=\"En m\u00eame temps que le projet \u00e9cologique, un camp de maths a \u00e9t\u00e9 organis\u00e9 dans le blockhaus Ahlhorn. Des \u00e9l\u00e8ves de Sumy, de Lviv, de Varsovie et du district d&rsquo;Oldenburg ont particip\u00e9 \u00e0 ce projet (Dietrich-Bonhoeffer-Gymnasium, GAG, Gymnasium Ganderkesee). Un autre camp de maths est pr\u00e9vu en janvier 2024.\" \/>\n<meta property=\"og:url\" content=\"https:\/\/blockhaus-ahlhorn.de\/fr\/berichte\/un-camp-de-maths-a-lapproche-de-noel\/\" \/>\n<meta property=\"og:site_name\" content=\"Blockhaus Ahlhorn\" \/>\n<meta property=\"article:modified_time\" content=\"2023-06-20T07:05:49+00:00\" \/>\n<meta name=\"twitter:card\" content=\"summary_large_image\" \/>\n<script type=\"application\/ld+json\" class=\"yoast-schema-graph\">{\"@context\":\"https:\\\/\\\/schema.org\",\"@graph\":[{\"@type\":\"WebPage\",\"@id\":\"https:\\\/\\\/blockhaus-ahlhorn.de\\\/fr\\\/berichte\\\/un-camp-de-maths-a-lapproche-de-noel\\\/\",\"url\":\"https:\\\/\\\/blockhaus-ahlhorn.de\\\/fr\\\/berichte\\\/un-camp-de-maths-a-lapproche-de-noel\\\/\",\"name\":\"Un camp de maths \u00e0 l'approche de No\u00ebl - Blockhaus Ahlhorn\",\"isPartOf\":{\"@id\":\"https:\\\/\\\/blockhaus-ahlhorn.de\\\/fr\\\/#website\"},\"datePublished\":\"2023-06-20T06:56:30+00:00\",\"dateModified\":\"2023-06-20T07:05:49+00:00\",\"breadcrumb\":{\"@id\":\"https:\\\/\\\/blockhaus-ahlhorn.de\\\/fr\\\/berichte\\\/un-camp-de-maths-a-lapproche-de-noel\\\/#breadcrumb\"},\"inLanguage\":\"fr-FR\",\"potentialAction\":[{\"@type\":\"ReadAction\",\"target\":[\"https:\\\/\\\/blockhaus-ahlhorn.de\\\/fr\\\/berichte\\\/un-camp-de-maths-a-lapproche-de-noel\\\/\"]}]},{\"@type\":\"BreadcrumbList\",\"@id\":\"https:\\\/\\\/blockhaus-ahlhorn.de\\\/fr\\\/berichte\\\/un-camp-de-maths-a-lapproche-de-noel\\\/#breadcrumb\",\"itemListElement\":[{\"@type\":\"ListItem\",\"position\":1,\"name\":\"Startseite\",\"item\":\"https:\\\/\\\/blockhaus-ahlhorn.de\\\/fr\\\/\"},{\"@type\":\"ListItem\",\"position\":2,\"name\":\"Berichte\",\"item\":\"https:\\\/\\\/blockhaus-ahlhorn.de\\\/fr\\\/berichte\\\/\"},{\"@type\":\"ListItem\",\"position\":3,\"name\":\"Un camp de maths \u00e0 l&#8217;approche de No\u00ebl\"}]},{\"@type\":\"WebSite\",\"@id\":\"https:\\\/\\\/blockhaus-ahlhorn.de\\\/fr\\\/#website\",\"url\":\"https:\\\/\\\/blockhaus-ahlhorn.de\\\/fr\\\/\",\"name\":\"Blockhaus Ahlhorn\",\"description\":\"Heimatverbunden in Ahlhorn, Niedersachsen\",\"publisher\":{\"@id\":\"https:\\\/\\\/blockhaus-ahlhorn.de\\\/fr\\\/#organization\"},\"potentialAction\":[{\"@type\":\"SearchAction\",\"target\":{\"@type\":\"EntryPoint\",\"urlTemplate\":\"https:\\\/\\\/blockhaus-ahlhorn.de\\\/fr\\\/?s={search_term_string}\"},\"query-input\":{\"@type\":\"PropertyValueSpecification\",\"valueRequired\":true,\"valueName\":\"search_term_string\"}}],\"inLanguage\":\"fr-FR\"},{\"@type\":\"Organization\",\"@id\":\"https:\\\/\\\/blockhaus-ahlhorn.de\\\/fr\\\/#organization\",\"name\":\"Blockhaus Ahlhorn\",\"url\":\"https:\\\/\\\/blockhaus-ahlhorn.de\\\/fr\\\/\",\"logo\":{\"@type\":\"ImageObject\",\"inLanguage\":\"fr-FR\",\"@id\":\"https:\\\/\\\/blockhaus-ahlhorn.de\\\/fr\\\/#\\\/schema\\\/logo\\\/image\\\/\",\"url\":\"https:\\\/\\\/blockhaus-ahlhorn.de\\\/wp-content\\\/uploads\\\/2022\\\/11\\\/Logo-Blockhaus-Alhorn.png\",\"contentUrl\":\"https:\\\/\\\/blockhaus-ahlhorn.de\\\/wp-content\\\/uploads\\\/2022\\\/11\\\/Logo-Blockhaus-Alhorn.png\",\"width\":1200,\"height\":350,\"caption\":\"Blockhaus Ahlhorn\"},\"image\":{\"@id\":\"https:\\\/\\\/blockhaus-ahlhorn.de\\\/fr\\\/#\\\/schema\\\/logo\\\/image\\\/\"}}]}<\/script>\n<!-- \/ Yoast SEO plugin. -->","yoast_head_json":{"title":"Un camp de maths \u00e0 l'approche de No\u00ebl - Blockhaus Ahlhorn","robots":{"index":"index","follow":"follow","max-snippet":"max-snippet:-1","max-image-preview":"max-image-preview:large","max-video-preview":"max-video-preview:-1"},"canonical":"https:\/\/blockhaus-ahlhorn.de\/fr\/berichte\/un-camp-de-maths-a-lapproche-de-noel\/","og_locale":"fr_FR","og_type":"article","og_title":"Un camp de maths \u00e0 l'approche de No\u00ebl - Blockhaus Ahlhorn","og_description":"En m\u00eame temps que le projet \u00e9cologique, un camp de maths a \u00e9t\u00e9 organis\u00e9 dans le blockhaus Ahlhorn. Des \u00e9l\u00e8ves de Sumy, de Lviv, de Varsovie et du district d&rsquo;Oldenburg ont particip\u00e9 \u00e0 ce projet (Dietrich-Bonhoeffer-Gymnasium, GAG, Gymnasium Ganderkesee). Un autre camp de maths est pr\u00e9vu en janvier 2024.","og_url":"https:\/\/blockhaus-ahlhorn.de\/fr\/berichte\/un-camp-de-maths-a-lapproche-de-noel\/","og_site_name":"Blockhaus Ahlhorn","article_modified_time":"2023-06-20T07:05:49+00:00","twitter_card":"summary_large_image","schema":{"@context":"https:\/\/schema.org","@graph":[{"@type":"WebPage","@id":"https:\/\/blockhaus-ahlhorn.de\/fr\/berichte\/un-camp-de-maths-a-lapproche-de-noel\/","url":"https:\/\/blockhaus-ahlhorn.de\/fr\/berichte\/un-camp-de-maths-a-lapproche-de-noel\/","name":"Un camp de maths \u00e0 l'approche de No\u00ebl - Blockhaus Ahlhorn","isPartOf":{"@id":"https:\/\/blockhaus-ahlhorn.de\/fr\/#website"},"datePublished":"2023-06-20T06:56:30+00:00","dateModified":"2023-06-20T07:05:49+00:00","breadcrumb":{"@id":"https:\/\/blockhaus-ahlhorn.de\/fr\/berichte\/un-camp-de-maths-a-lapproche-de-noel\/#breadcrumb"},"inLanguage":"fr-FR","potentialAction":[{"@type":"ReadAction","target":["https:\/\/blockhaus-ahlhorn.de\/fr\/berichte\/un-camp-de-maths-a-lapproche-de-noel\/"]}]},{"@type":"BreadcrumbList","@id":"https:\/\/blockhaus-ahlhorn.de\/fr\/berichte\/un-camp-de-maths-a-lapproche-de-noel\/#breadcrumb","itemListElement":[{"@type":"ListItem","position":1,"name":"Startseite","item":"https:\/\/blockhaus-ahlhorn.de\/fr\/"},{"@type":"ListItem","position":2,"name":"Berichte","item":"https:\/\/blockhaus-ahlhorn.de\/fr\/berichte\/"},{"@type":"ListItem","position":3,"name":"Un camp de maths \u00e0 l&#8217;approche de No\u00ebl"}]},{"@type":"WebSite","@id":"https:\/\/blockhaus-ahlhorn.de\/fr\/#website","url":"https:\/\/blockhaus-ahlhorn.de\/fr\/","name":"Blockhaus Ahlhorn","description":"Heimatverbunden in Ahlhorn, Niedersachsen","publisher":{"@id":"https:\/\/blockhaus-ahlhorn.de\/fr\/#organization"},"potentialAction":[{"@type":"SearchAction","target":{"@type":"EntryPoint","urlTemplate":"https:\/\/blockhaus-ahlhorn.de\/fr\/?s={search_term_string}"},"query-input":{"@type":"PropertyValueSpecification","valueRequired":true,"valueName":"search_term_string"}}],"inLanguage":"fr-FR"},{"@type":"Organization","@id":"https:\/\/blockhaus-ahlhorn.de\/fr\/#organization","name":"Blockhaus Ahlhorn","url":"https:\/\/blockhaus-ahlhorn.de\/fr\/","logo":{"@type":"ImageObject","inLanguage":"fr-FR","@id":"https:\/\/blockhaus-ahlhorn.de\/fr\/#\/schema\/logo\/image\/","url":"https:\/\/blockhaus-ahlhorn.de\/wp-content\/uploads\/2022\/11\/Logo-Blockhaus-Alhorn.png","contentUrl":"https:\/\/blockhaus-ahlhorn.de\/wp-content\/uploads\/2022\/11\/Logo-Blockhaus-Alhorn.png","width":1200,"height":350,"caption":"Blockhaus Ahlhorn"},"image":{"@id":"https:\/\/blockhaus-ahlhorn.de\/fr\/#\/schema\/logo\/image\/"}}]}},"meta_box":{"projekt_startdatum":"","projekt_enddatum":""},"_links":{"self":[{"href":"https:\/\/blockhaus-ahlhorn.de\/fr\/wp-json\/wp\/v2\/berichte\/4828","targetHints":{"allow":["GET"]}}],"collection":[{"href":"https:\/\/blockhaus-ahlhorn.de\/fr\/wp-json\/wp\/v2\/berichte"}],"about":[{"href":"https:\/\/blockhaus-ahlhorn.de\/fr\/wp-json\/wp\/v2\/types\/berichte"}],"wp:attachment":[{"href":"https:\/\/blockhaus-ahlhorn.de\/fr\/wp-json\/wp\/v2\/media?parent=4828"}],"wp:term":[{"taxonomy":"category","embeddable":true,"href":"https:\/\/blockhaus-ahlhorn.de\/fr\/wp-json\/wp\/v2\/categories?post=4828"}],"curies":[{"name":"wp","href":"https:\/\/api.w.org\/{rel}","templated":true}]}}

Un camp de maths à l&rsquo;approche de Noël

<blockquote class="wp-block-quote is-layout-flow wp-block-quote-is-layout-flow">
<p>En même temps que le projet écologique, un camp de maths a été organisé dans le blockhaus Ahlhorn. Des élèves de Sumy, de Lviv, de Varsovie et du district d&rsquo;Oldenburg ont participé à ce projet (Dietrich-Bonhoeffer-Gymnasium, GAG, Gymnasium Ganderkesee).  </p>



<p>Un autre camp de maths est prévu en janvier 2024.</p>
</blockquote>

<figure class="wp-block-video"><video height="540" style="aspect-ratio: 306 / 540;" width="306" controls="" src="https://blockhaus-ahlhorn.de/wp-content/uploads/2023/06/WhatsApp-Video-2023-06-19-at-12.50.10-PM.mp4"></video></figure>

<p>En même temps que le projet écologique, un camp de maths a été organisé dans le blockhaus Ahlhorn. Des élèves de Sumy, de Lviv, de Varsovie et du district d&rsquo;Oldenburg ont participé à ce projet (Dietrich-Bonhoeffer-Gymnasium, GAG, Gymnasium Ganderkesee). Un autre camp de maths est prévu en janvier 2024.</p>

<!-- This site is optimized with the Yoast SEO plugin v27.4 - https://yoast.com/product/yoast-seo-wordpress/ -->
<title>Un camp de maths à l&#039;approche de Noël - Blockhaus Ahlhorn</title>
<meta name="robots" content="index, follow, max-snippet:-1, max-image-preview:large, max-video-preview:-1" />
<link rel="canonical" href="https://blockhaus-ahlhorn.de/fr/berichte/un-camp-de-maths-a-lapproche-de-noel/" />
<meta property="og:locale" content="fr_FR" />
<meta property="og:type" content="article" />
<meta property="og:title" content="Un camp de maths à l&#039;approche de Noël - Blockhaus Ahlhorn" />
<meta property="og:description" content="En même temps que le projet écologique, un camp de maths a été organisé dans le blockhaus Ahlhorn. Des élèves de Sumy, de Lviv, de Varsovie et du district d&rsquo;Oldenburg ont participé à ce projet (Dietrich-Bonhoeffer-Gymnasium, GAG, Gymnasium Ganderkesee). Un autre camp de maths est prévu en janvier 2024." />
<meta property="og:url" content="https://blockhaus-ahlhorn.de/fr/berichte/un-camp-de-maths-a-lapproche-de-noel/" />
<meta property="og:site_name" content="Blockhaus Ahlhorn" />
<meta property="article:modified_time" content="2023-06-20T07:05:49+00:00" />
<meta name="twitter:card" content="summary_large_image" />
<script type="application/ld+json" class="yoast-schema-graph">{"@context":"https:\/\/schema.org","@graph":[{"@type":"WebPage","@id":"https:\/\/blockhaus-ahlhorn.de\/fr\/berichte\/un-camp-de-maths-a-lapproche-de-noel\/","url":"https:\/\/blockhaus-ahlhorn.de\/fr\/berichte\/un-camp-de-maths-a-lapproche-de-noel\/","name":"Un camp de maths à l'approche de Noël - Blockhaus Ahlhorn","isPartOf":{"@id":"https:\/\/blockhaus-ahlhorn.de\/fr\/#website"},"datePublished":"2023-06-20T06:56:30+00:00","dateModified":"2023-06-20T07:05:49+00:00","breadcrumb":{"@id":"https:\/\/blockhaus-ahlhorn.de\/fr\/berichte\/un-camp-de-maths-a-lapproche-de-noel\/#breadcrumb"},"inLanguage":"fr-FR","potentialAction":[{"@type":"ReadAction","target":["https:\/\/blockhaus-ahlhorn.de\/fr\/berichte\/un-camp-de-maths-a-lapproche-de-noel\/"]}]},{"@type":"BreadcrumbList","@id":"https:\/\/blockhaus-ahlhorn.de\/fr\/berichte\/un-camp-de-maths-a-lapproche-de-noel\/#breadcrumb","itemListElement":[{"@type":"ListItem","position":1,"name":"Startseite","item":"https:\/\/blockhaus-ahlhorn.de\/fr\/"},{"@type":"ListItem","position":2,"name":"Berichte","item":"https:\/\/blockhaus-ahlhorn.de\/fr\/berichte\/"},{"@type":"ListItem","position":3,"name":"Un camp de maths à l&#8217;approche de Noël"}]},{"@type":"WebSite","@id":"https:\/\/blockhaus-ahlhorn.de\/fr\/#website","url":"https:\/\/blockhaus-ahlhorn.de\/fr\/","name":"Blockhaus Ahlhorn","description":"Heimatverbunden in Ahlhorn, Niedersachsen","publisher":{"@id":"https:\/\/blockhaus-ahlhorn.de\/fr\/#organization"},"potentialAction":[{"@type":"SearchAction","target":{"@type":"EntryPoint","urlTemplate":"https:\/\/blockhaus-ahlhorn.de\/fr\/?s={search_term_string}"},"query-input":{"@type":"PropertyValueSpecification","valueRequired":true,"valueName":"search_term_string"}}],"inLanguage":"fr-FR"},{"@type":"Organization","@id":"https:\/\/blockhaus-ahlhorn.de\/fr\/#organization","name":"Blockhaus Ahlhorn","url":"https:\/\/blockhaus-ahlhorn.de\/fr\/","logo":{"@type":"ImageObject","inLanguage":"fr-FR","@id":"https:\/\/blockhaus-ahlhorn.de\/fr\/#\/schema\/logo\/image\/","url":"https:\/\/blockhaus-ahlhorn.de\/wp-content\/uploads\/2022\/11\/Logo-Blockhaus-Alhorn.png","contentUrl":"https:\/\/blockhaus-ahlhorn.de\/wp-content\/uploads\/2022\/11\/Logo-Blockhaus-Alhorn.png","width":1200,"height":350,"caption":"Blockhaus Ahlhorn"},"image":{"@id":"https:\/\/blockhaus-ahlhorn.de\/fr\/#\/schema\/logo\/image\/"}}]}</script>
<!-- / Yoast SEO plugin. -->

Un camp de maths à l'approche de Noël - Blockhaus Ahlhorn

En même temps que le projet écologique, un camp de maths a été organisé dans le blockhaus Ahlhorn. Des élèves de Sumy, de Lviv, de Varsovie et du district d&rsquo;Oldenburg ont participé à ce projet (Dietrich-Bonhoeffer-Gymnasium, GAG, Gymnasium Ganderkesee). Un autre camp de maths est prévu en janvier 2024.

Un camp de maths à l&#8217;approche de Noël
