{"id":4710,"date":"2023-06-13T16:25:03","date_gmt":"2023-06-13T14:25:03","guid":{"rendered":"https:\/\/blockhaus-ahlhorn.de\/berichte\/projet-ecologique\/"},"modified":"2023-06-20T08:54:35","modified_gmt":"2023-06-20T06:54:35","slug":"projet-ecologique","status":"publish","type":"berichte","link":"https:\/\/blockhaus-ahlhorn.de\/fr\/berichte\/projet-ecologique\/","title":{"rendered":"Un projet \u00e9cologique en hiver"},"content":{"rendered":"\n<blockquote class=\"wp-block-quote is-layout-flow wp-block-quote-is-layout-flow\">\n<p>Des \u00e9l\u00e8ves* du district, des jeunes de Trostyanets et des \u00e9l\u00e8ves* de notre district jumel\u00e9 ont particip\u00e9 \u00e0 un projet d&rsquo;\u00e9change de jeunes entre le 11 d\u00e9cembre et le 18 d\u00e9cembre. 2022, un projet \u00e9cologique sera mis en \u0153uvre.  <\/p>\n\n\n\n<p>La particularit\u00e9 de ce projet \u00e9tait qu&rsquo;il \u00e9tait port\u00e9 par les communes des pays participants.<\/p>\n\n\n\n<p>Il s&rsquo;agissait du projet de lancement d&rsquo;un partenariat. Le directeur de notre parc naturel a \u00e9galement \u00e9t\u00e9 impliqu\u00e9 dans le projet.<\/p>\n\n\n\n<p>Suite \u00e0 ce partenariat naissant, deux autres projets ont d\u00e9j\u00e0 eu lieu en 2023 ; l&rsquo;un d&rsquo;entre eux a pu \u00eatre r\u00e9alis\u00e9 gr\u00e2ce au soutien de l&rsquo;administration du district. Un approfondissement est pr\u00e9vu. D&rsquo;autres rencontres sont pr\u00e9vues. Les parcs naturels des trois communes ont un r\u00f4le central \u00e0 jouer \u00e0 cet \u00e9gard.<\/p>\n<\/blockquote>\n\n<figure class=\"wp-block-video\"><video height=\"480\" style=\"aspect-ratio: 848 \/ 480;\" width=\"848\" controls=\"\" src=\"https:\/\/blockhaus-ahlhorn.de\/wp-content\/uploads\/2023\/02\/WhatsApp-Video-2023-02-18-at-3.24.00-PM.mp4\"><\/video><\/figure>\n","protected":false},"excerpt":{"rendered":"<p>Des \u00e9l\u00e8ves* du district, des jeunes de Trostyanets et des \u00e9l\u00e8ves* de notre district jumel\u00e9 ont particip\u00e9 \u00e0 un projet d&rsquo;\u00e9change de jeunes entre le 11 d\u00e9cembre et le 18 d\u00e9cembre. 2022, un projet \u00e9cologique sera mis en \u0153uvre. La particularit\u00e9 de ce projet \u00e9tait qu&rsquo;il \u00e9tait port\u00e9 par les communes des pays participants. Il [&hellip;]<\/p>\n","protected":false},"featured_media":4017,"template":"","meta":{"ngg_post_thumbnail":0},"categories":[],"class_list":["post-4710","berichte","type-berichte","status-publish","has-post-thumbnail","hentry"],"blocksy_meta":[],"yoast_head":"<!-- This site is optimized with the Yoast SEO plugin v27.4 - https:\/\/yoast.com\/product\/yoast-seo-wordpress\/ -->\n<title>Un projet \u00e9cologique en hiver - Blockhaus Ahlhorn<\/title>\n<meta name=\"robots\" content=\"index, follow, max-snippet:-1, max-image-preview:large, max-video-preview:-1\" \/>\n<link rel=\"canonical\" href=\"https:\/\/blockhaus-ahlhorn.de\/fr\/berichte\/projet-ecologique\/\" \/>\n<meta property=\"og:locale\" content=\"fr_FR\" \/>\n<meta property=\"og:type\" content=\"article\" \/>\n<meta property=\"og:title\" content=\"Un projet \u00e9cologique en hiver - Blockhaus Ahlhorn\" \/>\n<meta property=\"og:description\" content=\"Des \u00e9l\u00e8ves* du district, des jeunes de Trostyanets et des \u00e9l\u00e8ves* de notre district jumel\u00e9 ont particip\u00e9 \u00e0 un projet d&rsquo;\u00e9change de jeunes entre le 11 d\u00e9cembre et le 18 d\u00e9cembre. 2022, un projet \u00e9cologique sera mis en \u0153uvre. La particularit\u00e9 de ce projet \u00e9tait qu&rsquo;il \u00e9tait port\u00e9 par les communes des pays participants. Il [&hellip;]\" \/>\n<meta property=\"og:url\" content=\"https:\/\/blockhaus-ahlhorn.de\/fr\/berichte\/projet-ecologique\/\" \/>\n<meta property=\"og:site_name\" content=\"Blockhaus Ahlhorn\" \/>\n<meta property=\"article:modified_time\" content=\"2023-06-20T06:54:35+00:00\" \/>\n<meta property=\"og:image\" content=\"https:\/\/blockhaus-ahlhorn.de\/wp-content\/uploads\/2023\/06\/Bildschirmfoto-2023-06-13-um-16.27.12-1024x666.png\" \/>\n\t<meta property=\"og:image:width\" content=\"1024\" \/>\n\t<meta property=\"og:image:height\" content=\"666\" \/>\n\t<meta property=\"og:image:type\" content=\"image\/png\" \/>\n<meta name=\"twitter:card\" content=\"summary_large_image\" \/>\n<meta name=\"twitter:label1\" content=\"Dur\u00e9e de lecture estim\u00e9e\" \/>\n\t<meta name=\"twitter:data1\" content=\"1 minute\" \/>\n<script type=\"application\/ld+json\" class=\"yoast-schema-graph\">{\"@context\":\"https:\\\/\\\/schema.org\",\"@graph\":[{\"@type\":\"WebPage\",\"@id\":\"https:\\\/\\\/blockhaus-ahlhorn.de\\\/fr\\\/berichte\\\/projet-ecologique\\\/\",\"url\":\"https:\\\/\\\/blockhaus-ahlhorn.de\\\/fr\\\/berichte\\\/projet-ecologique\\\/\",\"name\":\"Un projet \u00e9cologique en hiver - Blockhaus Ahlhorn\",\"isPartOf\":{\"@id\":\"https:\\\/\\\/blockhaus-ahlhorn.de\\\/fr\\\/#website\"},\"primaryImageOfPage\":{\"@id\":\"https:\\\/\\\/blockhaus-ahlhorn.de\\\/fr\\\/berichte\\\/projet-ecologique\\\/#primaryimage\"},\"image\":{\"@id\":\"https:\\\/\\\/blockhaus-ahlhorn.de\\\/fr\\\/berichte\\\/projet-ecologique\\\/#primaryimage\"},\"thumbnailUrl\":\"https:\\\/\\\/blockhaus-ahlhorn.de\\\/wp-content\\\/uploads\\\/2023\\\/06\\\/Bildschirmfoto-2023-06-13-um-16.27.12.png\",\"datePublished\":\"2023-06-13T14:25:03+00:00\",\"dateModified\":\"2023-06-20T06:54:35+00:00\",\"breadcrumb\":{\"@id\":\"https:\\\/\\\/blockhaus-ahlhorn.de\\\/fr\\\/berichte\\\/projet-ecologique\\\/#breadcrumb\"},\"inLanguage\":\"fr-FR\",\"potentialAction\":[{\"@type\":\"ReadAction\",\"target\":[\"https:\\\/\\\/blockhaus-ahlhorn.de\\\/fr\\\/berichte\\\/projet-ecologique\\\/\"]}]},{\"@type\":\"ImageObject\",\"inLanguage\":\"fr-FR\",\"@id\":\"https:\\\/\\\/blockhaus-ahlhorn.de\\\/fr\\\/berichte\\\/projet-ecologique\\\/#primaryimage\",\"url\":\"https:\\\/\\\/blockhaus-ahlhorn.de\\\/wp-content\\\/uploads\\\/2023\\\/06\\\/Bildschirmfoto-2023-06-13-um-16.27.12.png\",\"contentUrl\":\"https:\\\/\\\/blockhaus-ahlhorn.de\\\/wp-content\\\/uploads\\\/2023\\\/06\\\/Bildschirmfoto-2023-06-13-um-16.27.12.png\",\"width\":3420,\"height\":2224},{\"@type\":\"BreadcrumbList\",\"@id\":\"https:\\\/\\\/blockhaus-ahlhorn.de\\\/fr\\\/berichte\\\/projet-ecologique\\\/#breadcrumb\",\"itemListElement\":[{\"@type\":\"ListItem\",\"position\":1,\"name\":\"Startseite\",\"item\":\"https:\\\/\\\/blockhaus-ahlhorn.de\\\/fr\\\/\"},{\"@type\":\"ListItem\",\"position\":2,\"name\":\"Berichte\",\"item\":\"https:\\\/\\\/blockhaus-ahlhorn.de\\\/fr\\\/berichte\\\/\"},{\"@type\":\"ListItem\",\"position\":3,\"name\":\"Un projet \u00e9cologique en hiver\"}]},{\"@type\":\"WebSite\",\"@id\":\"https:\\\/\\\/blockhaus-ahlhorn.de\\\/fr\\\/#website\",\"url\":\"https:\\\/\\\/blockhaus-ahlhorn.de\\\/fr\\\/\",\"name\":\"Blockhaus Ahlhorn\",\"description\":\"Heimatverbunden in Ahlhorn, Niedersachsen\",\"publisher\":{\"@id\":\"https:\\\/\\\/blockhaus-ahlhorn.de\\\/fr\\\/#organization\"},\"potentialAction\":[{\"@type\":\"SearchAction\",\"target\":{\"@type\":\"EntryPoint\",\"urlTemplate\":\"https:\\\/\\\/blockhaus-ahlhorn.de\\\/fr\\\/?s={search_term_string}\"},\"query-input\":{\"@type\":\"PropertyValueSpecification\",\"valueRequired\":true,\"valueName\":\"search_term_string\"}}],\"inLanguage\":\"fr-FR\"},{\"@type\":\"Organization\",\"@id\":\"https:\\\/\\\/blockhaus-ahlhorn.de\\\/fr\\\/#organization\",\"name\":\"Blockhaus Ahlhorn\",\"url\":\"https:\\\/\\\/blockhaus-ahlhorn.de\\\/fr\\\/\",\"logo\":{\"@type\":\"ImageObject\",\"inLanguage\":\"fr-FR\",\"@id\":\"https:\\\/\\\/blockhaus-ahlhorn.de\\\/fr\\\/#\\\/schema\\\/logo\\\/image\\\/\",\"url\":\"https:\\\/\\\/blockhaus-ahlhorn.de\\\/wp-content\\\/uploads\\\/2022\\\/11\\\/Logo-Blockhaus-Alhorn.png\",\"contentUrl\":\"https:\\\/\\\/blockhaus-ahlhorn.de\\\/wp-content\\\/uploads\\\/2022\\\/11\\\/Logo-Blockhaus-Alhorn.png\",\"width\":1200,\"height\":350,\"caption\":\"Blockhaus Ahlhorn\"},\"image\":{\"@id\":\"https:\\\/\\\/blockhaus-ahlhorn.de\\\/fr\\\/#\\\/schema\\\/logo\\\/image\\\/\"}}]}<\/script>\n<!-- \/ Yoast SEO plugin. -->","yoast_head_json":{"title":"Un projet \u00e9cologique en hiver - Blockhaus Ahlhorn","robots":{"index":"index","follow":"follow","max-snippet":"max-snippet:-1","max-image-preview":"max-image-preview:large","max-video-preview":"max-video-preview:-1"},"canonical":"https:\/\/blockhaus-ahlhorn.de\/fr\/berichte\/projet-ecologique\/","og_locale":"fr_FR","og_type":"article","og_title":"Un projet \u00e9cologique en hiver - Blockhaus Ahlhorn","og_description":"Des \u00e9l\u00e8ves* du district, des jeunes de Trostyanets et des \u00e9l\u00e8ves* de notre district jumel\u00e9 ont particip\u00e9 \u00e0 un projet d&rsquo;\u00e9change de jeunes entre le 11 d\u00e9cembre et le 18 d\u00e9cembre. 2022, un projet \u00e9cologique sera mis en \u0153uvre. La particularit\u00e9 de ce projet \u00e9tait qu&rsquo;il \u00e9tait port\u00e9 par les communes des pays participants. Il [&hellip;]","og_url":"https:\/\/blockhaus-ahlhorn.de\/fr\/berichte\/projet-ecologique\/","og_site_name":"Blockhaus Ahlhorn","article_modified_time":"2023-06-20T06:54:35+00:00","og_image":[{"width":1024,"height":666,"url":"https:\/\/blockhaus-ahlhorn.de\/wp-content\/uploads\/2023\/06\/Bildschirmfoto-2023-06-13-um-16.27.12-1024x666.png","type":"image\/png"}],"twitter_card":"summary_large_image","twitter_misc":{"Dur\u00e9e de lecture estim\u00e9e":"1 minute"},"schema":{"@context":"https:\/\/schema.org","@graph":[{"@type":"WebPage","@id":"https:\/\/blockhaus-ahlhorn.de\/fr\/berichte\/projet-ecologique\/","url":"https:\/\/blockhaus-ahlhorn.de\/fr\/berichte\/projet-ecologique\/","name":"Un projet \u00e9cologique en hiver - Blockhaus Ahlhorn","isPartOf":{"@id":"https:\/\/blockhaus-ahlhorn.de\/fr\/#website"},"primaryImageOfPage":{"@id":"https:\/\/blockhaus-ahlhorn.de\/fr\/berichte\/projet-ecologique\/#primaryimage"},"image":{"@id":"https:\/\/blockhaus-ahlhorn.de\/fr\/berichte\/projet-ecologique\/#primaryimage"},"thumbnailUrl":"https:\/\/blockhaus-ahlhorn.de\/wp-content\/uploads\/2023\/06\/Bildschirmfoto-2023-06-13-um-16.27.12.png","datePublished":"2023-06-13T14:25:03+00:00","dateModified":"2023-06-20T06:54:35+00:00","breadcrumb":{"@id":"https:\/\/blockhaus-ahlhorn.de\/fr\/berichte\/projet-ecologique\/#breadcrumb"},"inLanguage":"fr-FR","potentialAction":[{"@type":"ReadAction","target":["https:\/\/blockhaus-ahlhorn.de\/fr\/berichte\/projet-ecologique\/"]}]},{"@type":"ImageObject","inLanguage":"fr-FR","@id":"https:\/\/blockhaus-ahlhorn.de\/fr\/berichte\/projet-ecologique\/#primaryimage","url":"https:\/\/blockhaus-ahlhorn.de\/wp-content\/uploads\/2023\/06\/Bildschirmfoto-2023-06-13-um-16.27.12.png","contentUrl":"https:\/\/blockhaus-ahlhorn.de\/wp-content\/uploads\/2023\/06\/Bildschirmfoto-2023-06-13-um-16.27.12.png","width":3420,"height":2224},{"@type":"BreadcrumbList","@id":"https:\/\/blockhaus-ahlhorn.de\/fr\/berichte\/projet-ecologique\/#breadcrumb","itemListElement":[{"@type":"ListItem","position":1,"name":"Startseite","item":"https:\/\/blockhaus-ahlhorn.de\/fr\/"},{"@type":"ListItem","position":2,"name":"Berichte","item":"https:\/\/blockhaus-ahlhorn.de\/fr\/berichte\/"},{"@type":"ListItem","position":3,"name":"Un projet \u00e9cologique en hiver"}]},{"@type":"WebSite","@id":"https:\/\/blockhaus-ahlhorn.de\/fr\/#website","url":"https:\/\/blockhaus-ahlhorn.de\/fr\/","name":"Blockhaus Ahlhorn","description":"Heimatverbunden in Ahlhorn, Niedersachsen","publisher":{"@id":"https:\/\/blockhaus-ahlhorn.de\/fr\/#organization"},"potentialAction":[{"@type":"SearchAction","target":{"@type":"EntryPoint","urlTemplate":"https:\/\/blockhaus-ahlhorn.de\/fr\/?s={search_term_string}"},"query-input":{"@type":"PropertyValueSpecification","valueRequired":true,"valueName":"search_term_string"}}],"inLanguage":"fr-FR"},{"@type":"Organization","@id":"https:\/\/blockhaus-ahlhorn.de\/fr\/#organization","name":"Blockhaus Ahlhorn","url":"https:\/\/blockhaus-ahlhorn.de\/fr\/","logo":{"@type":"ImageObject","inLanguage":"fr-FR","@id":"https:\/\/blockhaus-ahlhorn.de\/fr\/#\/schema\/logo\/image\/","url":"https:\/\/blockhaus-ahlhorn.de\/wp-content\/uploads\/2022\/11\/Logo-Blockhaus-Alhorn.png","contentUrl":"https:\/\/blockhaus-ahlhorn.de\/wp-content\/uploads\/2022\/11\/Logo-Blockhaus-Alhorn.png","width":1200,"height":350,"caption":"Blockhaus Ahlhorn"},"image":{"@id":"https:\/\/blockhaus-ahlhorn.de\/fr\/#\/schema\/logo\/image\/"}}]}},"meta_box":{"projekt_startdatum":"","projekt_enddatum":""},"_links":{"self":[{"href":"https:\/\/blockhaus-ahlhorn.de\/fr\/wp-json\/wp\/v2\/berichte\/4710","targetHints":{"allow":["GET"]}}],"collection":[{"href":"https:\/\/blockhaus-ahlhorn.de\/fr\/wp-json\/wp\/v2\/berichte"}],"about":[{"href":"https:\/\/blockhaus-ahlhorn.de\/fr\/wp-json\/wp\/v2\/types\/berichte"}],"wp:featuredmedia":[{"embeddable":true,"href":"https:\/\/blockhaus-ahlhorn.de\/fr\/wp-json\/wp\/v2\/media\/4017"}],"wp:attachment":[{"href":"https:\/\/blockhaus-ahlhorn.de\/fr\/wp-json\/wp\/v2\/media?parent=4710"}],"wp:term":[{"taxonomy":"category","embeddable":true,"href":"https:\/\/blockhaus-ahlhorn.de\/fr\/wp-json\/wp\/v2\/categories?post=4710"}],"curies":[{"name":"wp","href":"https:\/\/api.w.org\/{rel}","templated":true}]}}

Un projet écologique en hiver

<blockquote class="wp-block-quote is-layout-flow wp-block-quote-is-layout-flow">
<p>Des élèves* du district, des jeunes de Trostyanets et des élèves* de notre district jumelé ont participé à un projet d&rsquo;échange de jeunes entre le 11 décembre et le 18 décembre. 2022, un projet écologique sera mis en œuvre.  </p>



<p>La particularité de ce projet était qu&rsquo;il était porté par les communes des pays participants.</p>



<p>Il s&rsquo;agissait du projet de lancement d&rsquo;un partenariat. Le directeur de notre parc naturel a également été impliqué dans le projet.</p>



<p>Suite à ce partenariat naissant, deux autres projets ont déjà eu lieu en 2023 ; l&rsquo;un d&rsquo;entre eux a pu être réalisé grâce au soutien de l&rsquo;administration du district. Un approfondissement est prévu. D&rsquo;autres rencontres sont prévues. Les parcs naturels des trois communes ont un rôle central à jouer à cet égard.</p>
</blockquote>

<figure class="wp-block-video"><video height="480" style="aspect-ratio: 848 / 480;" width="848" controls="" src="https://blockhaus-ahlhorn.de/wp-content/uploads/2023/02/WhatsApp-Video-2023-02-18-at-3.24.00-PM.mp4"></video></figure>

<p>Des élèves* du district, des jeunes de Trostyanets et des élèves* de notre district jumelé ont participé à un projet d&rsquo;échange de jeunes entre le 11 décembre et le 18 décembre. 2022, un projet écologique sera mis en œuvre. La particularité de ce projet était qu&rsquo;il était porté par les communes des pays participants. Il [&hellip;]</p>

<!-- This site is optimized with the Yoast SEO plugin v27.4 - https://yoast.com/product/yoast-seo-wordpress/ -->
<title>Un projet écologique en hiver - Blockhaus Ahlhorn</title>
<meta name="robots" content="index, follow, max-snippet:-1, max-image-preview:large, max-video-preview:-1" />
<link rel="canonical" href="https://blockhaus-ahlhorn.de/fr/berichte/projet-ecologique/" />
<meta property="og:locale" content="fr_FR" />
<meta property="og:type" content="article" />
<meta property="og:title" content="Un projet écologique en hiver - Blockhaus Ahlhorn" />
<meta property="og:description" content="Des élèves* du district, des jeunes de Trostyanets et des élèves* de notre district jumelé ont participé à un projet d&rsquo;échange de jeunes entre le 11 décembre et le 18 décembre. 2022, un projet écologique sera mis en œuvre. La particularité de ce projet était qu&rsquo;il était porté par les communes des pays participants. Il [&hellip;]" />
<meta property="og:url" content="https://blockhaus-ahlhorn.de/fr/berichte/projet-ecologique/" />
<meta property="og:site_name" content="Blockhaus Ahlhorn" />
<meta property="article:modified_time" content="2023-06-20T06:54:35+00:00" />
<meta property="og:image" content="https://blockhaus-ahlhorn.de/wp-content/uploads/2023/06/Bildschirmfoto-2023-06-13-um-16.27.12-1024x666.png" />
	<meta property="og:image:width" content="1024" />
	<meta property="og:image:height" content="666" />
	<meta property="og:image:type" content="image/png" />
<meta name="twitter:card" content="summary_large_image" />
<meta name="twitter:label1" content="Durée de lecture estimée" />
	<meta name="twitter:data1" content="1 minute" />
<script type="application/ld+json" class="yoast-schema-graph">{"@context":"https:\/\/schema.org","@graph":[{"@type":"WebPage","@id":"https:\/\/blockhaus-ahlhorn.de\/fr\/berichte\/projet-ecologique\/","url":"https:\/\/blockhaus-ahlhorn.de\/fr\/berichte\/projet-ecologique\/","name":"Un projet écologique en hiver - Blockhaus Ahlhorn","isPartOf":{"@id":"https:\/\/blockhaus-ahlhorn.de\/fr\/#website"},"primaryImageOfPage":{"@id":"https:\/\/blockhaus-ahlhorn.de\/fr\/berichte\/projet-ecologique\/#primaryimage"},"image":{"@id":"https:\/\/blockhaus-ahlhorn.de\/fr\/berichte\/projet-ecologique\/#primaryimage"},"thumbnailUrl":"https:\/\/blockhaus-ahlhorn.de\/wp-content\/uploads\/2023\/06\/Bildschirmfoto-2023-06-13-um-16.27.12.png","datePublished":"2023-06-13T14:25:03+00:00","dateModified":"2023-06-20T06:54:35+00:00","breadcrumb":{"@id":"https:\/\/blockhaus-ahlhorn.de\/fr\/berichte\/projet-ecologique\/#breadcrumb"},"inLanguage":"fr-FR","potentialAction":[{"@type":"ReadAction","target":["https:\/\/blockhaus-ahlhorn.de\/fr\/berichte\/projet-ecologique\/"]}]},{"@type":"ImageObject","inLanguage":"fr-FR","@id":"https:\/\/blockhaus-ahlhorn.de\/fr\/berichte\/projet-ecologique\/#primaryimage","url":"https:\/\/blockhaus-ahlhorn.de\/wp-content\/uploads\/2023\/06\/Bildschirmfoto-2023-06-13-um-16.27.12.png","contentUrl":"https:\/\/blockhaus-ahlhorn.de\/wp-content\/uploads\/2023\/06\/Bildschirmfoto-2023-06-13-um-16.27.12.png","width":3420,"height":2224},{"@type":"BreadcrumbList","@id":"https:\/\/blockhaus-ahlhorn.de\/fr\/berichte\/projet-ecologique\/#breadcrumb","itemListElement":[{"@type":"ListItem","position":1,"name":"Startseite","item":"https:\/\/blockhaus-ahlhorn.de\/fr\/"},{"@type":"ListItem","position":2,"name":"Berichte","item":"https:\/\/blockhaus-ahlhorn.de\/fr\/berichte\/"},{"@type":"ListItem","position":3,"name":"Un projet écologique en hiver"}]},{"@type":"WebSite","@id":"https:\/\/blockhaus-ahlhorn.de\/fr\/#website","url":"https:\/\/blockhaus-ahlhorn.de\/fr\/","name":"Blockhaus Ahlhorn","description":"Heimatverbunden in Ahlhorn, Niedersachsen","publisher":{"@id":"https:\/\/blockhaus-ahlhorn.de\/fr\/#organization"},"potentialAction":[{"@type":"SearchAction","target":{"@type":"EntryPoint","urlTemplate":"https:\/\/blockhaus-ahlhorn.de\/fr\/?s={search_term_string}"},"query-input":{"@type":"PropertyValueSpecification","valueRequired":true,"valueName":"search_term_string"}}],"inLanguage":"fr-FR"},{"@type":"Organization","@id":"https:\/\/blockhaus-ahlhorn.de\/fr\/#organization","name":"Blockhaus Ahlhorn","url":"https:\/\/blockhaus-ahlhorn.de\/fr\/","logo":{"@type":"ImageObject","inLanguage":"fr-FR","@id":"https:\/\/blockhaus-ahlhorn.de\/fr\/#\/schema\/logo\/image\/","url":"https:\/\/blockhaus-ahlhorn.de\/wp-content\/uploads\/2022\/11\/Logo-Blockhaus-Alhorn.png","contentUrl":"https:\/\/blockhaus-ahlhorn.de\/wp-content\/uploads\/2022\/11\/Logo-Blockhaus-Alhorn.png","width":1200,"height":350,"caption":"Blockhaus Ahlhorn"},"image":{"@id":"https:\/\/blockhaus-ahlhorn.de\/fr\/#\/schema\/logo\/image\/"}}]}</script>
<!-- / Yoast SEO plugin. -->

Un projet écologique en hiver - Blockhaus Ahlhorn

Des élèves* du district, des jeunes de Trostyanets et des élèves* de notre district jumelé ont participé à un projet d&rsquo;échange de jeunes entre le 11 décembre et le 18 décembre. 2022, un projet écologique sera mis en œuvre. La particularité de ce projet était qu&rsquo;il était porté par les communes des pays participants. Il [&hellip;]
