{"id":4696,"date":"2023-06-13T16:25:03","date_gmt":"2023-06-13T14:25:03","guid":{"rendered":"https:\/\/blockhaus-ahlhorn.de\/berichte\/proyecto-ecologico\/"},"modified":"2023-06-20T08:54:35","modified_gmt":"2023-06-20T06:54:35","slug":"proyecto-ecologico","status":"publish","type":"berichte","link":"https:\/\/blockhaus-ahlhorn.de\/es\/berichte\/proyecto-ecologico\/","title":{"rendered":"Un proyecto ecol\u00f3gico en invierno"},"content":{"rendered":"\n<blockquote class=\"wp-block-quote is-layout-flow wp-block-quote-is-layout-flow\">\n<p>Alumnos del distrito, j\u00f3venes de Trostyanets y alumnos de nuestro distrito asociado han trabajado en el proyecto en el periodo 11.12.-18.12. 2022, se llevar\u00e1 a cabo un proyecto de ecolog\u00eda.  <\/p>\n\n\n\n<p>Lo especial de este proyecto fue el patrocinio de los municipios de los pa\u00edses participantes.<\/p>\n\n\n\n<p>Este fue el proyecto de lanzamiento de una asociaci\u00f3n. El director de nuestro parque natural tambi\u00e9n particip\u00f3 en el proyecto.<\/p>\n\n\n\n<p>Como resultado de la incipiente asociaci\u00f3n, ya se han llevado a cabo otros dos proyectos en 2023, uno de ellos gracias al apoyo de la administraci\u00f3n del distrito. Est\u00e1 prevista una profundizaci\u00f3n. Est\u00e1 previsto celebrar nuevas reuniones. Los parques naturales de los tres municipios desempe\u00f1an aqu\u00ed un papel central.<\/p>\n<\/blockquote>\n\n<figure class=\"wp-block-video\"><video height=\"480\" style=\"aspect-ratio: 848 \/ 480;\" width=\"848\" controls=\"\" src=\"https:\/\/blockhaus-ahlhorn.de\/wp-content\/uploads\/2023\/02\/WhatsApp-Video-2023-02-18-at-3.24.00-PM.mp4\"><\/video><\/figure>\n","protected":false},"excerpt":{"rendered":"<p>Alumnos del distrito, j\u00f3venes de Trostyanets y alumnos de nuestro distrito asociado han trabajado en el proyecto en el periodo 11.12.-18.12. 2022, se llevar\u00e1 a cabo un proyecto de ecolog\u00eda. Lo especial de este proyecto fue el patrocinio de los municipios de los pa\u00edses participantes. Este fue el proyecto de lanzamiento de una asociaci\u00f3n. El [&hellip;]<\/p>\n","protected":false},"featured_media":4020,"template":"","meta":{"ngg_post_thumbnail":0},"categories":[],"class_list":["post-4696","berichte","type-berichte","status-publish","has-post-thumbnail","hentry"],"blocksy_meta":[],"yoast_head":"<!-- This site is optimized with the Yoast SEO plugin v27.4 - https:\/\/yoast.com\/product\/yoast-seo-wordpress\/ -->\n<title>Un proyecto ecol\u00f3gico en invierno - Blockhaus Ahlhorn<\/title>\n<meta name=\"robots\" content=\"index, follow, max-snippet:-1, max-image-preview:large, max-video-preview:-1\" \/>\n<link rel=\"canonical\" href=\"https:\/\/blockhaus-ahlhorn.de\/es\/berichte\/proyecto-ecologico\/\" \/>\n<meta property=\"og:locale\" content=\"es_ES\" \/>\n<meta property=\"og:type\" content=\"article\" \/>\n<meta property=\"og:title\" content=\"Un proyecto ecol\u00f3gico en invierno - Blockhaus Ahlhorn\" \/>\n<meta property=\"og:description\" content=\"Alumnos del distrito, j\u00f3venes de Trostyanets y alumnos de nuestro distrito asociado han trabajado en el proyecto en el periodo 11.12.-18.12. 2022, se llevar\u00e1 a cabo un proyecto de ecolog\u00eda. Lo especial de este proyecto fue el patrocinio de los municipios de los pa\u00edses participantes. Este fue el proyecto de lanzamiento de una asociaci\u00f3n. El [&hellip;]\" \/>\n<meta property=\"og:url\" content=\"https:\/\/blockhaus-ahlhorn.de\/es\/berichte\/proyecto-ecologico\/\" \/>\n<meta property=\"og:site_name\" content=\"Blockhaus Ahlhorn\" \/>\n<meta property=\"article:modified_time\" content=\"2023-06-20T06:54:35+00:00\" \/>\n<meta property=\"og:image\" content=\"https:\/\/blockhaus-ahlhorn.de\/wp-content\/uploads\/2023\/06\/Bildschirmfoto-2023-06-13-um-16.27.12-1024x666.png\" \/>\n\t<meta property=\"og:image:width\" content=\"1024\" \/>\n\t<meta property=\"og:image:height\" content=\"666\" \/>\n\t<meta property=\"og:image:type\" content=\"image\/png\" \/>\n<meta name=\"twitter:card\" content=\"summary_large_image\" \/>\n<meta name=\"twitter:label1\" content=\"Tiempo de lectura\" \/>\n\t<meta name=\"twitter:data1\" content=\"1 minuto\" \/>\n<script type=\"application\/ld+json\" class=\"yoast-schema-graph\">{\"@context\":\"https:\\\/\\\/schema.org\",\"@graph\":[{\"@type\":\"WebPage\",\"@id\":\"https:\\\/\\\/blockhaus-ahlhorn.de\\\/es\\\/berichte\\\/proyecto-ecologico\\\/\",\"url\":\"https:\\\/\\\/blockhaus-ahlhorn.de\\\/es\\\/berichte\\\/proyecto-ecologico\\\/\",\"name\":\"Un proyecto ecol\u00f3gico en invierno - Blockhaus Ahlhorn\",\"isPartOf\":{\"@id\":\"https:\\\/\\\/blockhaus-ahlhorn.de\\\/es\\\/#website\"},\"primaryImageOfPage\":{\"@id\":\"https:\\\/\\\/blockhaus-ahlhorn.de\\\/es\\\/berichte\\\/proyecto-ecologico\\\/#primaryimage\"},\"image\":{\"@id\":\"https:\\\/\\\/blockhaus-ahlhorn.de\\\/es\\\/berichte\\\/proyecto-ecologico\\\/#primaryimage\"},\"thumbnailUrl\":\"https:\\\/\\\/blockhaus-ahlhorn.de\\\/wp-content\\\/uploads\\\/2023\\\/06\\\/Bildschirmfoto-2023-06-13-um-16.27.12.png\",\"datePublished\":\"2023-06-13T14:25:03+00:00\",\"dateModified\":\"2023-06-20T06:54:35+00:00\",\"breadcrumb\":{\"@id\":\"https:\\\/\\\/blockhaus-ahlhorn.de\\\/es\\\/berichte\\\/proyecto-ecologico\\\/#breadcrumb\"},\"inLanguage\":\"es\",\"potentialAction\":[{\"@type\":\"ReadAction\",\"target\":[\"https:\\\/\\\/blockhaus-ahlhorn.de\\\/es\\\/berichte\\\/proyecto-ecologico\\\/\"]}]},{\"@type\":\"ImageObject\",\"inLanguage\":\"es\",\"@id\":\"https:\\\/\\\/blockhaus-ahlhorn.de\\\/es\\\/berichte\\\/proyecto-ecologico\\\/#primaryimage\",\"url\":\"https:\\\/\\\/blockhaus-ahlhorn.de\\\/wp-content\\\/uploads\\\/2023\\\/06\\\/Bildschirmfoto-2023-06-13-um-16.27.12.png\",\"contentUrl\":\"https:\\\/\\\/blockhaus-ahlhorn.de\\\/wp-content\\\/uploads\\\/2023\\\/06\\\/Bildschirmfoto-2023-06-13-um-16.27.12.png\",\"width\":3420,\"height\":2224},{\"@type\":\"BreadcrumbList\",\"@id\":\"https:\\\/\\\/blockhaus-ahlhorn.de\\\/es\\\/berichte\\\/proyecto-ecologico\\\/#breadcrumb\",\"itemListElement\":[{\"@type\":\"ListItem\",\"position\":1,\"name\":\"Startseite\",\"item\":\"https:\\\/\\\/blockhaus-ahlhorn.de\\\/es\\\/\"},{\"@type\":\"ListItem\",\"position\":2,\"name\":\"Berichte\",\"item\":\"https:\\\/\\\/blockhaus-ahlhorn.de\\\/es\\\/berichte\\\/\"},{\"@type\":\"ListItem\",\"position\":3,\"name\":\"Un proyecto ecol\u00f3gico en invierno\"}]},{\"@type\":\"WebSite\",\"@id\":\"https:\\\/\\\/blockhaus-ahlhorn.de\\\/es\\\/#website\",\"url\":\"https:\\\/\\\/blockhaus-ahlhorn.de\\\/es\\\/\",\"name\":\"Blockhaus Ahlhorn\",\"description\":\"Heimatverbunden in Ahlhorn, Niedersachsen\",\"publisher\":{\"@id\":\"https:\\\/\\\/blockhaus-ahlhorn.de\\\/es\\\/#organization\"},\"potentialAction\":[{\"@type\":\"SearchAction\",\"target\":{\"@type\":\"EntryPoint\",\"urlTemplate\":\"https:\\\/\\\/blockhaus-ahlhorn.de\\\/es\\\/?s={search_term_string}\"},\"query-input\":{\"@type\":\"PropertyValueSpecification\",\"valueRequired\":true,\"valueName\":\"search_term_string\"}}],\"inLanguage\":\"es\"},{\"@type\":\"Organization\",\"@id\":\"https:\\\/\\\/blockhaus-ahlhorn.de\\\/es\\\/#organization\",\"name\":\"Blockhaus Ahlhorn\",\"url\":\"https:\\\/\\\/blockhaus-ahlhorn.de\\\/es\\\/\",\"logo\":{\"@type\":\"ImageObject\",\"inLanguage\":\"es\",\"@id\":\"https:\\\/\\\/blockhaus-ahlhorn.de\\\/es\\\/#\\\/schema\\\/logo\\\/image\\\/\",\"url\":\"https:\\\/\\\/blockhaus-ahlhorn.de\\\/wp-content\\\/uploads\\\/2022\\\/11\\\/Logo-Blockhaus-Alhorn.png\",\"contentUrl\":\"https:\\\/\\\/blockhaus-ahlhorn.de\\\/wp-content\\\/uploads\\\/2022\\\/11\\\/Logo-Blockhaus-Alhorn.png\",\"width\":1200,\"height\":350,\"caption\":\"Blockhaus Ahlhorn\"},\"image\":{\"@id\":\"https:\\\/\\\/blockhaus-ahlhorn.de\\\/es\\\/#\\\/schema\\\/logo\\\/image\\\/\"}}]}<\/script>\n<!-- \/ Yoast SEO plugin. -->","yoast_head_json":{"title":"Un proyecto ecol\u00f3gico en invierno - Blockhaus Ahlhorn","robots":{"index":"index","follow":"follow","max-snippet":"max-snippet:-1","max-image-preview":"max-image-preview:large","max-video-preview":"max-video-preview:-1"},"canonical":"https:\/\/blockhaus-ahlhorn.de\/es\/berichte\/proyecto-ecologico\/","og_locale":"es_ES","og_type":"article","og_title":"Un proyecto ecol\u00f3gico en invierno - Blockhaus Ahlhorn","og_description":"Alumnos del distrito, j\u00f3venes de Trostyanets y alumnos de nuestro distrito asociado han trabajado en el proyecto en el periodo 11.12.-18.12. 2022, se llevar\u00e1 a cabo un proyecto de ecolog\u00eda. Lo especial de este proyecto fue el patrocinio de los municipios de los pa\u00edses participantes. Este fue el proyecto de lanzamiento de una asociaci\u00f3n. El [&hellip;]","og_url":"https:\/\/blockhaus-ahlhorn.de\/es\/berichte\/proyecto-ecologico\/","og_site_name":"Blockhaus Ahlhorn","article_modified_time":"2023-06-20T06:54:35+00:00","og_image":[{"width":1024,"height":666,"url":"https:\/\/blockhaus-ahlhorn.de\/wp-content\/uploads\/2023\/06\/Bildschirmfoto-2023-06-13-um-16.27.12-1024x666.png","type":"image\/png"}],"twitter_card":"summary_large_image","twitter_misc":{"Tiempo de lectura":"1 minuto"},"schema":{"@context":"https:\/\/schema.org","@graph":[{"@type":"WebPage","@id":"https:\/\/blockhaus-ahlhorn.de\/es\/berichte\/proyecto-ecologico\/","url":"https:\/\/blockhaus-ahlhorn.de\/es\/berichte\/proyecto-ecologico\/","name":"Un proyecto ecol\u00f3gico en invierno - Blockhaus Ahlhorn","isPartOf":{"@id":"https:\/\/blockhaus-ahlhorn.de\/es\/#website"},"primaryImageOfPage":{"@id":"https:\/\/blockhaus-ahlhorn.de\/es\/berichte\/proyecto-ecologico\/#primaryimage"},"image":{"@id":"https:\/\/blockhaus-ahlhorn.de\/es\/berichte\/proyecto-ecologico\/#primaryimage"},"thumbnailUrl":"https:\/\/blockhaus-ahlhorn.de\/wp-content\/uploads\/2023\/06\/Bildschirmfoto-2023-06-13-um-16.27.12.png","datePublished":"2023-06-13T14:25:03+00:00","dateModified":"2023-06-20T06:54:35+00:00","breadcrumb":{"@id":"https:\/\/blockhaus-ahlhorn.de\/es\/berichte\/proyecto-ecologico\/#breadcrumb"},"inLanguage":"es","potentialAction":[{"@type":"ReadAction","target":["https:\/\/blockhaus-ahlhorn.de\/es\/berichte\/proyecto-ecologico\/"]}]},{"@type":"ImageObject","inLanguage":"es","@id":"https:\/\/blockhaus-ahlhorn.de\/es\/berichte\/proyecto-ecologico\/#primaryimage","url":"https:\/\/blockhaus-ahlhorn.de\/wp-content\/uploads\/2023\/06\/Bildschirmfoto-2023-06-13-um-16.27.12.png","contentUrl":"https:\/\/blockhaus-ahlhorn.de\/wp-content\/uploads\/2023\/06\/Bildschirmfoto-2023-06-13-um-16.27.12.png","width":3420,"height":2224},{"@type":"BreadcrumbList","@id":"https:\/\/blockhaus-ahlhorn.de\/es\/berichte\/proyecto-ecologico\/#breadcrumb","itemListElement":[{"@type":"ListItem","position":1,"name":"Startseite","item":"https:\/\/blockhaus-ahlhorn.de\/es\/"},{"@type":"ListItem","position":2,"name":"Berichte","item":"https:\/\/blockhaus-ahlhorn.de\/es\/berichte\/"},{"@type":"ListItem","position":3,"name":"Un proyecto ecol\u00f3gico en invierno"}]},{"@type":"WebSite","@id":"https:\/\/blockhaus-ahlhorn.de\/es\/#website","url":"https:\/\/blockhaus-ahlhorn.de\/es\/","name":"Blockhaus Ahlhorn","description":"Heimatverbunden in Ahlhorn, Niedersachsen","publisher":{"@id":"https:\/\/blockhaus-ahlhorn.de\/es\/#organization"},"potentialAction":[{"@type":"SearchAction","target":{"@type":"EntryPoint","urlTemplate":"https:\/\/blockhaus-ahlhorn.de\/es\/?s={search_term_string}"},"query-input":{"@type":"PropertyValueSpecification","valueRequired":true,"valueName":"search_term_string"}}],"inLanguage":"es"},{"@type":"Organization","@id":"https:\/\/blockhaus-ahlhorn.de\/es\/#organization","name":"Blockhaus Ahlhorn","url":"https:\/\/blockhaus-ahlhorn.de\/es\/","logo":{"@type":"ImageObject","inLanguage":"es","@id":"https:\/\/blockhaus-ahlhorn.de\/es\/#\/schema\/logo\/image\/","url":"https:\/\/blockhaus-ahlhorn.de\/wp-content\/uploads\/2022\/11\/Logo-Blockhaus-Alhorn.png","contentUrl":"https:\/\/blockhaus-ahlhorn.de\/wp-content\/uploads\/2022\/11\/Logo-Blockhaus-Alhorn.png","width":1200,"height":350,"caption":"Blockhaus Ahlhorn"},"image":{"@id":"https:\/\/blockhaus-ahlhorn.de\/es\/#\/schema\/logo\/image\/"}}]}},"meta_box":{"projekt_startdatum":"","projekt_enddatum":""},"_links":{"self":[{"href":"https:\/\/blockhaus-ahlhorn.de\/es\/wp-json\/wp\/v2\/berichte\/4696","targetHints":{"allow":["GET"]}}],"collection":[{"href":"https:\/\/blockhaus-ahlhorn.de\/es\/wp-json\/wp\/v2\/berichte"}],"about":[{"href":"https:\/\/blockhaus-ahlhorn.de\/es\/wp-json\/wp\/v2\/types\/berichte"}],"wp:featuredmedia":[{"embeddable":true,"href":"https:\/\/blockhaus-ahlhorn.de\/es\/wp-json\/wp\/v2\/media\/4020"}],"wp:attachment":[{"href":"https:\/\/blockhaus-ahlhorn.de\/es\/wp-json\/wp\/v2\/media?parent=4696"}],"wp:term":[{"taxonomy":"category","embeddable":true,"href":"https:\/\/blockhaus-ahlhorn.de\/es\/wp-json\/wp\/v2\/categories?post=4696"}],"curies":[{"name":"wp","href":"https:\/\/api.w.org\/{rel}","templated":true}]}}

Un proyecto ecológico en invierno

<blockquote class="wp-block-quote is-layout-flow wp-block-quote-is-layout-flow">
<p>Alumnos del distrito, jóvenes de Trostyanets y alumnos de nuestro distrito asociado han trabajado en el proyecto en el periodo 11.12.-18.12. 2022, se llevará a cabo un proyecto de ecología.  </p>



<p>Lo especial de este proyecto fue el patrocinio de los municipios de los países participantes.</p>



<p>Este fue el proyecto de lanzamiento de una asociación. El director de nuestro parque natural también participó en el proyecto.</p>



<p>Como resultado de la incipiente asociación, ya se han llevado a cabo otros dos proyectos en 2023, uno de ellos gracias al apoyo de la administración del distrito. Está prevista una profundización. Está previsto celebrar nuevas reuniones. Los parques naturales de los tres municipios desempeñan aquí un papel central.</p>
</blockquote>

<figure class="wp-block-video"><video height="480" style="aspect-ratio: 848 / 480;" width="848" controls="" src="https://blockhaus-ahlhorn.de/wp-content/uploads/2023/02/WhatsApp-Video-2023-02-18-at-3.24.00-PM.mp4"></video></figure>

<p>Alumnos del distrito, jóvenes de Trostyanets y alumnos de nuestro distrito asociado han trabajado en el proyecto en el periodo 11.12.-18.12. 2022, se llevará a cabo un proyecto de ecología. Lo especial de este proyecto fue el patrocinio de los municipios de los países participantes. Este fue el proyecto de lanzamiento de una asociación. El [&hellip;]</p>

<!-- This site is optimized with the Yoast SEO plugin v27.4 - https://yoast.com/product/yoast-seo-wordpress/ -->
<title>Un proyecto ecológico en invierno - Blockhaus Ahlhorn</title>
<meta name="robots" content="index, follow, max-snippet:-1, max-image-preview:large, max-video-preview:-1" />
<link rel="canonical" href="https://blockhaus-ahlhorn.de/es/berichte/proyecto-ecologico/" />
<meta property="og:locale" content="es_ES" />
<meta property="og:type" content="article" />
<meta property="og:title" content="Un proyecto ecológico en invierno - Blockhaus Ahlhorn" />
<meta property="og:description" content="Alumnos del distrito, jóvenes de Trostyanets y alumnos de nuestro distrito asociado han trabajado en el proyecto en el periodo 11.12.-18.12. 2022, se llevará a cabo un proyecto de ecología. Lo especial de este proyecto fue el patrocinio de los municipios de los países participantes. Este fue el proyecto de lanzamiento de una asociación. El [&hellip;]" />
<meta property="og:url" content="https://blockhaus-ahlhorn.de/es/berichte/proyecto-ecologico/" />
<meta property="og:site_name" content="Blockhaus Ahlhorn" />
<meta property="article:modified_time" content="2023-06-20T06:54:35+00:00" />
<meta property="og:image" content="https://blockhaus-ahlhorn.de/wp-content/uploads/2023/06/Bildschirmfoto-2023-06-13-um-16.27.12-1024x666.png" />
	<meta property="og:image:width" content="1024" />
	<meta property="og:image:height" content="666" />
	<meta property="og:image:type" content="image/png" />
<meta name="twitter:card" content="summary_large_image" />
<meta name="twitter:label1" content="Tiempo de lectura" />
	<meta name="twitter:data1" content="1 minuto" />
<script type="application/ld+json" class="yoast-schema-graph">{"@context":"https:\/\/schema.org","@graph":[{"@type":"WebPage","@id":"https:\/\/blockhaus-ahlhorn.de\/es\/berichte\/proyecto-ecologico\/","url":"https:\/\/blockhaus-ahlhorn.de\/es\/berichte\/proyecto-ecologico\/","name":"Un proyecto ecológico en invierno - Blockhaus Ahlhorn","isPartOf":{"@id":"https:\/\/blockhaus-ahlhorn.de\/es\/#website"},"primaryImageOfPage":{"@id":"https:\/\/blockhaus-ahlhorn.de\/es\/berichte\/proyecto-ecologico\/#primaryimage"},"image":{"@id":"https:\/\/blockhaus-ahlhorn.de\/es\/berichte\/proyecto-ecologico\/#primaryimage"},"thumbnailUrl":"https:\/\/blockhaus-ahlhorn.de\/wp-content\/uploads\/2023\/06\/Bildschirmfoto-2023-06-13-um-16.27.12.png","datePublished":"2023-06-13T14:25:03+00:00","dateModified":"2023-06-20T06:54:35+00:00","breadcrumb":{"@id":"https:\/\/blockhaus-ahlhorn.de\/es\/berichte\/proyecto-ecologico\/#breadcrumb"},"inLanguage":"es","potentialAction":[{"@type":"ReadAction","target":["https:\/\/blockhaus-ahlhorn.de\/es\/berichte\/proyecto-ecologico\/"]}]},{"@type":"ImageObject","inLanguage":"es","@id":"https:\/\/blockhaus-ahlhorn.de\/es\/berichte\/proyecto-ecologico\/#primaryimage","url":"https:\/\/blockhaus-ahlhorn.de\/wp-content\/uploads\/2023\/06\/Bildschirmfoto-2023-06-13-um-16.27.12.png","contentUrl":"https:\/\/blockhaus-ahlhorn.de\/wp-content\/uploads\/2023\/06\/Bildschirmfoto-2023-06-13-um-16.27.12.png","width":3420,"height":2224},{"@type":"BreadcrumbList","@id":"https:\/\/blockhaus-ahlhorn.de\/es\/berichte\/proyecto-ecologico\/#breadcrumb","itemListElement":[{"@type":"ListItem","position":1,"name":"Startseite","item":"https:\/\/blockhaus-ahlhorn.de\/es\/"},{"@type":"ListItem","position":2,"name":"Berichte","item":"https:\/\/blockhaus-ahlhorn.de\/es\/berichte\/"},{"@type":"ListItem","position":3,"name":"Un proyecto ecológico en invierno"}]},{"@type":"WebSite","@id":"https:\/\/blockhaus-ahlhorn.de\/es\/#website","url":"https:\/\/blockhaus-ahlhorn.de\/es\/","name":"Blockhaus Ahlhorn","description":"Heimatverbunden in Ahlhorn, Niedersachsen","publisher":{"@id":"https:\/\/blockhaus-ahlhorn.de\/es\/#organization"},"potentialAction":[{"@type":"SearchAction","target":{"@type":"EntryPoint","urlTemplate":"https:\/\/blockhaus-ahlhorn.de\/es\/?s={search_term_string}"},"query-input":{"@type":"PropertyValueSpecification","valueRequired":true,"valueName":"search_term_string"}}],"inLanguage":"es"},{"@type":"Organization","@id":"https:\/\/blockhaus-ahlhorn.de\/es\/#organization","name":"Blockhaus Ahlhorn","url":"https:\/\/blockhaus-ahlhorn.de\/es\/","logo":{"@type":"ImageObject","inLanguage":"es","@id":"https:\/\/blockhaus-ahlhorn.de\/es\/#\/schema\/logo\/image\/","url":"https:\/\/blockhaus-ahlhorn.de\/wp-content\/uploads\/2022\/11\/Logo-Blockhaus-Alhorn.png","contentUrl":"https:\/\/blockhaus-ahlhorn.de\/wp-content\/uploads\/2022\/11\/Logo-Blockhaus-Alhorn.png","width":1200,"height":350,"caption":"Blockhaus Ahlhorn"},"image":{"@id":"https:\/\/blockhaus-ahlhorn.de\/es\/#\/schema\/logo\/image\/"}}]}</script>
<!-- / Yoast SEO plugin. -->

Un proyecto ecológico en invierno - Blockhaus Ahlhorn

Alumnos del distrito, jóvenes de Trostyanets y alumnos de nuestro distrito asociado han trabajado en el proyecto en el periodo 11.12.-18.12. 2022, se llevará a cabo un proyecto de ecología. Lo especial de este proyecto fue el patrocinio de los municipios de los países participantes. Este fue el proyecto de lanzamiento de una asociación. El [&hellip;]
